 11 divide u?
True
Suppose -2*n - 37 = -4*n - 3*a, -2*n + 32 = -2*a. Let l = -11 + n. Suppose -l*g = -2*g - 44. Is 5 a factor of g?
False
Let c = -75 + 143. Does 34 divide c?
True
Let g = -11 + 15. Suppose -60 = -m - g*m. Does 6 divide m?
True
Suppose -5*b - 10 = 0, 0*b - 10 = -3*y + 2*b. Suppose a - 49 = -y*q + q, 5*q + 3*a = 247. Suppose 0*n = 2*n - q. Is 20 a factor of n?
False
Suppose 4*s - 7*s + 9 = 0. Let b = 1 - s. Let w = b - -18. Does 7 divide w?
False
Suppose 2*s + 42 - 130 = 0. Is s a multiple of 10?
False
Let o(d) = 2*d**2 - 7*d + 6. Let m be o(4). Suppose -3*u - 4*r + 2 = 0, 2*r = -u - 2*r - m. Suppose -4*c = 5*x - 69 + u, 2*c = x + 49. Does 9 divide c?
False
Let s(f) = -4*f - 4. Let n(w) = w + 1. Let b(k) = 6*n(k) + s(k). Let c be b(-9). Let t = c - -41. Is 13 a factor of t?
False
Let w be ((1 + 0)*0)/1. Suppose w = -0*i + 5*i - 10. Suppose 2*o + z - 4 + 2 = 0, 0 = i*o - 3*z - 10. Is o a multiple of 2?
True
Let v(u) = -u**3 - 8*u**2 + 5. Let j be v(-8). Suppose 3*w - j = 7. Suppose 0 = -2*o + w*p + 56, 56 = 2*o - 0*o - p. Does 14 divide o?
True
Suppose -m - 20 = -6*m. Suppose -2*l - 2*g - 82 = -m*l, 0 = -4*g + 4. Is l a multiple of 14?
True
Suppose 5*b + 0*b + 4 = 3*q, 0 = 2*b - 2. Suppose -h - 30 = -4*l - l, -3*l + 6 = -q*h. Is 3 a factor of l?
False
Let i = 0 - -1. Suppose 2*x - j = 9, 5*j + i = 4*j. Is 7 a factor of 4 - x - 7*-1?
True
Let o(i) = i**3 - 6*i**2 + 4*i + 4. Is 26 a factor of o(7)?
False
Suppose -5*n + 0*n - 3*t + 340 = 0, 204 = 3*n - 5*t. Does 14 divide n?
False
Let c(z) = z**3 - 13*z**2 + 13*z - 3. Let x(k) = k**3 + 10*k**2 + 8*k + 3. Let o be x(-9). Does 9 divide c(o)?
True
Let m = -3 - -7. Let k(q) = q**3 - 2*q**2 + 7*q - 5. Is k(m) a multiple of 14?
False
Let s(j) = -28*j + 1. Let m be s(-2). Suppose -m = -2*q + 87. Does 24 divide q?
True
Let y = -19 - -10. Let s = -6 - y. Is (4/6)/(s/171) a multiple of 19?
True
Suppose 11*h + 358 = 12*h. Is 11 a factor of h?
False
Let u(w) = -w**3 + 5*w**2 + 6*w + 8. Let i be u(6). Let d be ((-75)/(-20))/(2/i). Does 3 divide 16*(d/6 + -2)?
False
Let r(v) = 3*v**2 - 3*v - 2. Let f be (2/6)/((-2)/12). Is r(f) a multiple of 6?
False
Let a = 4 + 68. Does 8 divide a?
True
Let u(r) = 3*r**2 - 4*r. Does 10 divide u(-2)?
True
Let f = -8 - -13. Suppose -5*i = -f - 0. Is -1*(i + -5*1) a multiple of 4?
True
Suppose 0 = -y + 5, -m = 4*y - 2*y - 181. Is m/12 - 3/12 a multiple of 14?
True
Suppose 0 = 4*d + 4*r + 32, -3*d + 2*d - 12 = 2*r. Does 11 divide (-18 + 0)/(3/d)?
False
Suppose -3*s + 116 + 73 = 0. Is s a multiple of 14?
False
Let g be (-2)/(-4)*0/1. Suppose g = 5*s - 0 - 60. Is s a multiple of 12?
True
Let s = -12 - -3. Let j(g) = -3*g + 11. Does 27 divide j(s)?
False
Suppose -2*i + 5*v + 14 = 95, 0 = 3*v - 15. Let z = i + 54. Does 13 divide z?
True
Suppose -3*j - 2*j = -160. Is 8 a factor of j?
True
Let u(x) = -x**3 + 11*x**2 - 6*x + 10. Does 22 divide u(6)?
True
Let q be -2*(0 + 3/(-6)). Let b(j) = -j**2 - 7*j - 8 - q + 14. Is 7 a factor of b(-6)?
False
Suppose 42 = -3*g + 6*g. Suppose 0 = -2*a - 4*m + g, -5*a - 2*m = -5*m - 61. Suppose -2*l + a = -25. Is 10 a factor of l?
False
Suppose 0 = 3*l - c - 15, -1 + 11 = 2*l - 2*c. Suppose -3*z + 50 = 3*n - 13, 0 = l*n - z - 129. Let i = -1 + n. Does 12 divide i?
True
Let h = 86 + -56. Suppose -n = -2*j - h, 122 = 5*n + 3*j + j. Does 13 divide n?
True
Is 20 a factor of (-100)/35*(1 - -6)*-1?
True
Suppose -6*v = -2*v - 4*q - 288, 3*q = v - 70. Is 14 a factor of v?
False
Suppose h = -5*i - 25, -2 - 3 = i - 2*h. Is 12 a factor of (19 - i)*2/2?
True
Let y = 6 + -4. Let v be (-136)/12 - y/3. Let z = v + 22. Is 10 a factor of z?
True
Does 4 divide (-4)/(-10)*(7 - -3)?
True
Let y(m) = -2*m**2 + m + 58. Does 11 divide y(0)?
False
Let l(s) = 3*s + 3. Let w be l(4). Suppose 20 + 5 = 4*j + o, -2*j = o - w. Suppose -j*t + 24 = -26. Is 4 a factor of t?
False
Let k = 36 - 23. Suppose 44 = -9*g + k*g. Is g even?
False
Suppose 0 = h + 3*h + 12. Let c be h + (4 - 2) - -2. Let i = c - -8. Does 6 divide i?
False
Suppose 2 = -2*b + 12. Let v = b + 11. Is v a multiple of 16?
True
Suppose f + 4*f + 140 = 0. Let g = f + 10. Let w = g + 26. Is w a multiple of 6?
False
Let a(y) = y - 6. Let h be a(9). Suppose -3*j - 116 = l, -196 = 3*j + 2*j + h*l. Let g = j + 75. Is g a multiple of 13?
False
Let g = 41 - 35. Is 3 a factor of g?
True
Let q(z) = -4*z - 8. Is q(-6) a multiple of 3?
False
Let s = -79 - -98. Is 19 a factor of s?
True
Let v = 1010 + -713. Is 11 a factor of v?
True
Let m be (-4)/(-3)*15/(-2). Let o = m - -15. Does 10 divide (-2)/o + 134/10?
False
Suppose -5 = -q + 8. Is q a multiple of 2?
False
Let h = 9 + 18. Is h a multiple of 11?
False
Let q(j) = -19*j + 4. Let x be q(4). Is (x/15)/(2/(-15)) a multiple of 12?
True
Let c be (-2)/7 + 148/28. Does 21 divide 2*((-735)/(-6))/c?
False
Let t(c) = -c + 9. Let f be t(7). Suppose 1 = -f*m + 61. Is m a multiple of 15?
True
Let y = 85 + -47. Let v = y - 73. Is (-51)/(-7) + 10/v a multiple of 7?
True
Suppose -2*d + d = -40. Does 20 divide d?
True
Does 3 divide ((-6)/(-4))/(2/4)?
True
Suppose -2*o + 4 = -5*a - 7, -4*a = -20. Suppose 5*h + 3*c = 37, h + 1 = -3*c + o. Suppose h*s - 125 = m, 0 = 4*s + s + 2*m - 125. Is s a multiple of 14?
False
Let o = -3 + 7. Suppose 10 = -3*v - o*g - 0, 4*v + 4 = -3*g. Is v a multiple of 2?
True
Let h(v) = v**3 + 9*v**2 - v - 10. Is 31 a factor of h(-7)?
False
Let w(u) = -2*u. Let p be w(-1). Suppose -2*n = -p - 4. Suppose n = 2*m - 3. Is 2 a factor of m?
False
Does 9 divide -4 - 13/(-3) - (-310)/6?
False
Suppose 4*r = -2*p + 10, 4*r + 12 + 3 = 3*p. Let k be (-24 - r)*5/(-5). Let a = -17 + k. Does 3 divide a?
False
Suppose 1 = -4*i + 9. Let v be i + 2 + -5 - -3. Is 6 a factor of 1 - (1 + -6*v)?
True
Let z(c) = 0*c - 5 - c + 1. Let h(w) = 2*w + 7. Let u(k) = -6*h(k) - 11*z(k). Is 3 a factor of u(-4)?
True
Suppose -3*z = 2*z. Suppose 12 = -z*d + 4*d. Is d a multiple of 2?
False
Let t = -51 - -55. Is 3 a factor of t?
False
Is 1/(-2)*-12*(-28)/(-1) a multiple of 21?
True
Let l(t) = -t + 6. Let y be l(10). Suppose -k = -2*k + 41. Let b = k + y. Is b a multiple of 10?
False
Let m(l) = -l**2 - 8*l + 5. Let u be m(-8). Suppose -u*x - 3*a + 288 = 9, -4*x = 3*a - 225. Suppose -3*n + 22 = 2*v, n - 2*n + x = 4*v. Is v a multiple of 9?
False
Is 16 a factor of (2 - (-64)/(-6))/(2/(-96))?
True
Let u(g) = -g**2 + 3*g + 3. Let h be u(3). Suppose -7*y + h*y + 208 = 0. Is y a multiple of 27?
False
Let a = 13 + -8. Let t(l) = 3 + 3*l + 0*l - a - 2. Is 5 a factor of t(4)?
False
Let n = 94 + -14. Let m(t) = t**3 - t**2 - 2*t. Let f be m(2). Suppose f = r + 3*r - n. Does 12 divide r?
False
Suppose -2*s + 8 = 0, 2*m + 0*s - 56 = -2*s. Suppose -f = -5*f + m. Let i(x) = x + 5. Is 11 a factor of i(f)?
True
Let v(c) = -23*c - 33. Is 35 a factor of v(-6)?
True
Let h(q) = q + 2. Let j be h(0). Let c(p) = 6*p - 4*p**2 - 3*p**j + 4 + p**3 + 0. Is c(6) a multiple of 3?
False
Let v = 87 + 8. Does 19 divide v?
True
Let k(o) = 10*o**2 - 4*o - 9. Is 12 a factor of k(-2)?
False
Let k be -11 + 11 + 1/1. Is 6 a factor of -1 - k - (-4 - 4)?
True
Does 15 divide (6 - 1)/((-1)/(-15))?
True
Let u(k) = k**3 + 9*k**2 + 8*k - 9. Let t be u(-8). Is 5 a factor of 1 + -9*6/t?
False
Let z(y) = y**3 - 6*y**2 + 4*y + 6. Is 10 a factor of z(6)?
True
Suppose 0 = 5*j - 0*j - 270. Is 14 a factor of j?
False
Let y(a) = a + 8. Let u be y(-4). Suppose -4*g + 2*s - 1 = 3*s, 10 = -u*g + 2*s. Let v(r) = -32*r**3 - r. Does 13 divide v(g)?
False
Let c = 12 - -16. Is (c/(-5))/((-4)/10) a multiple of 14?
True
Let j = -1 + 4. Suppose p + y = -j*p + 384, 4*p - 2*y - 372 = 0. Is p a multiple of 19?
True
Let m be 6/(-5)*1020/(-9). Let r = m - 95. Is r a multiple of 19?
False
Suppose 0 = -x + 2*i + 105, -3*x - 115 + 415 = -3*i. Is 12 a factor of x?
False
Let y = -81 - -163. Is 26 a factor of y?
False
Suppose -2*h = -4*m - 80, 2*h + 2*m = 94 - 38. Is 19 a factor of h?
False
Let k = 562 + -318. Suppose 3*m - k = -m. Suppose -12 + 72 = 4*d - 4*f, -3*d = 5*f - m. Is d a multiple of 8?
False
Suppose 0 = g + 1 - 2. Suppose m - g = 10. Does 4 divide m?
False
Suppose 0 = -2*v - 5*t + 11, -2*t = 3*v - 0*t. Let g = v - -8. Is 2 a factor of g?
True
Let j = 12 + -8. Suppose -2*i - 3 = -3*i. Suppose -32 = -5*o + i*p, -2*p = 2*p - j. Does 7 divide o?
True
Let 